ermine n(d).
30
Let y be 250/7 - 6/(-21). Suppose 3 = 3*f + 5*g - 2*g, 4*f - 4*g + y = 0. Let o(d) = d**3 + 4*d**2 + d + 5. Calculate o(f).
1
Let h(s) = s**3 + 2*s**2 + 4*s + 5. Let l(b) = -2*b**3 - 3*b**2 - 8*b - 11. Let c(k) = 5*h(k) + 2*l(k). What is c(-3)?
0
Let i(z) = 3*z**2 + 3 - 2 + 87*z**3 - 4*z**2 - 90*z**3. Give i(1).
-3
Let o(l) = -6*l - 6. Suppose 7 = -i + 2*k, 4*i - 36 = 5*k - 58. What is o(i)?
12
Suppose -10 = -t - 4*t. Let y(b) be the first derivative of b**3/3 - b**2 + 3*b + 152. Give y(t).
3
Suppose -2*q = -0*q + 3*q. Let s(z) be the third derivative of -1/20*z**6 + q*z - 1/60*z**5 + 3*z**2 + 0 + 1/24*z**4 + 1/6*z**3. Give s(-1).
5
Let y(o) = -o**3 + 5*o**2 - 5*o + 4. Let k(v) = -v + 1. Let f be k(-5). Suppose 0 = 3*a - 6 - f. What is y(a)?
0
Suppose 2*h + 0 = 6. Let x(n) be the first derivative of -n**2 + 3*n - 162. Determine x(h).
-3
Suppose -2*y + 2*h - 4 - 14 = 0, 2*h - 33 = 5*y. Let x(p) be the first derivative of 2*p + 0 - p**2 + 2 - 8*p. Give x(y).
4
Suppose 3*n + 3*l - 96 = 0, 2*l = 4*n - l - 107. Let c = n + -23. Let g(i) = -1 + 10*i**3 + c*i - 7*i**2 + 3 - 9*i**3. Calculate g(6).
2
Let i(t) = t - 2. Suppose 4 = 5*v - 11. Let l(h) = h**3 - 6*h**2 + 4*h + 7. Let n be l(v). What is i(n)?
-10
Let t(d) be the second derivative of -d**4/12 + 13*d**3/6 + 7*d**2/2 - 79*d. Determine t(13).
7
Let p = -754 - -751. Let z(s) = -2*s**2 - 2*s + 2. What is z(p)?
-10
Let s(t) be the first derivative of -t**3/6 + t**2/2 - t + 2. Let w(p) be the first derivative of s(p). Let d = -216 - -222. Calculate w(d).
-5
Let l(m) = -m**2 - 9*m - 9. Let o(z) = -z**3 - 5*z**2 - 8*z - 11. Let n be o(-2). What is l(n)?
5
Let l(q) be the third derivative of -q**5/60 + q**4/12 + q**3/3 - q**2 + 39. Give l(4).
-6
Let d be -5 + (-7)/((-35)/(-20)). Let y be d/(-5)*(-160)/(-16). Suppose 30 = -13*k + y*k. Let t(s) = s**3 - 6*s**2 + s - 4. Give t(k).
2
Let r be 4/(-10) + (-6)/10. Suppose -7*s + 6*s - 5 = 0. Let z = s - r. Let m(w) = w**3 + 3*w**2 - 5*w - 5. What is m(z)?
-1
Let g(v) = 3*v**2 - v + 1. Let a be g(5). Let l = 71 - a. Let y(q) = q**3 + 0*q**3 + 0*q**3 + q + 8 - q**2 + 0*q**2. Calculate y(l).
8
Let z(w) = -w**3 + 3*w**2 + w + 2. Let u(p) = 7*p**2 - 57*p + 11. Let h be u(8). What is z(h)?
5
Let g(c) be the second derivative of -c**3/6 - c**2 - 18*c. Let x = 9 - 4. Suppose -x*n - 4*r = 16, 0*r + 2 = -n - 2*r. Give g(n).
2
Let f(j) = -j - 16. Suppose g + 5*b = 0, 4*g + 2*b = 4*b - 44. Determine f(g).
-6
Let f(o) = 1 - 9 + 3 - o. Let v(g) = 3*g + 14. Let b(s) = 8*f(s) + 3*v(s). Calculate b(-9).
-7
Suppose 4*j - 58 = -18. Let u = -9 + j. Suppose 4*g - 3*z = 0, 3*z = -4*g - u + 25. Let k(x) = x**2 - 3*x + 2. What is k(g)?
2
Let c(w) = -27*w**2 + 3*w + 125. Let y(n) = -10*n**2 + n + 42. Let h(t) = -3*c(t) + 8*y(t). Calculate h(0).
-39
Let q(f) be the second derivative of 26*f - 1/20*f**5 + 1/6*f**3 + 1/4*f**4 + 0*f**2 + 0. Determine q(3).
3
Suppose -5*k - 20 - 5 = 0. Let p(t) = t + 3. Let n(i) = -6*i - 11. Let j(z) = -n(z) - 3*p(z). What is j(k)?
-13
Let z(t) = 2*t - 6. Let x(b) = -b**3 + 8*b**2 - 5*b - 10. Let q(y) = 7*y - 5. Let w be q(15). Let d be w/14 + 2/(-14). Let r be x(d). Determine z(r).
2
Let t(w) = -4 - 2*w**2 - w**2 - w**3 + w**2 + w**2. Let f be t(0). Let a(z) = z**2 + 3*z + 2. Let l be a(f). Let x(d) = -d**3 + 6*d**2 + d + 1. Determine x(l).
7
Let x be (-11)/(-2*2/28). Let l be (-14)/(-4)*44/x. Let r(u) = u**3 + 2*u**2 - 2*u - 1. Give r(l).
11
Suppose 0 = -4*f - 39 - 9. Let t be (4/f*0)/(-2). Let h(x) = 3*x - x + t - 5. Give h(5).
5
Let z(p) be the first derivative of -p**4/4 - 17*p**3/3 - 18*p - 175. Determine z(-17).
-18
Let h(b) = -b**3 - 5*b**2 - 7. Suppose 0 = 3*i - 3*t + 30, 4*i - 3*t + 40 = -i. Determine h(i).
-7
Let q(m) = -m**3 + 15*m**2 - 27*m + 9. Let t be q(13). Let y(i) = 3*i + 2. Calculate y(t).
-10
Let d(k) = k**2 + 19*k - 57. Let x be d(-22). Let g(p) = p - 15. Give g(x).
-6
Suppose -x + 16 = 8. Let h(v) = v**2 + x - 13 + 3*v - v. Determine h(-4).
3
Let a(j) = j + 1. Let c(b) = 4*b**2 - 82*b + 39. Let h be c(20). Give a(h).
0
Let p(o) be the second derivative of o**4/12 - o**3 + o**2/2 - 4221*o. Suppose 1 + 3 = d. Determine p(d).
-7
Let p be 12/40 - (-7)/35. Let w(f) be the first derivative of 1 + p*f**2 + 0*f. Give w(-1).
-1
Let h(j) = j - 1. Let f = 16 - -4. Let o be f/(-2 + -3) + -7. Let z(q) = -q - 15. Let r be z(o). Give h(r).
-5
Let w(v) be the second derivative of -5*v**3/6 - 5*v**2/2 + 3*v - 13. Determine w(-3).
10
Let b(x) be the second derivative of -x**3/2 - 3*x + 45. Let t(s) = s - 3. Let o be t(0). Calculate b(o).
9
Let b(p) be the third derivative of -19*p**2 + 0*p - 1/24*p**4 + 7/6*p**3 + 0. What is b(5)?
2
Let r be 10/4*18/(-15) - -19. Let y = r - 18. Let i(l) = -2*l**3 - l**2 + l - 1. What is i(y)?
9
Let f(y) be the second derivative of 23*y**5/20 + y**4/12 + y**3/6 - y**2/2 + 2*y - 140. Determine f(1).
24
Let p(r) = -r**3 - 17*r**2 + 2*r + 33. Let l be p(-17). Let x(d) = 11*d**3 + 3*d**2 + 3*d + 1. Determine x(l).
-10
Let g(t) = -6*t. Suppose 0 = 5*w - 34 - 186. Let m = w + -47. Give g(m).
18
Let n(u) = u - 13. Let c be 5*3/(-12)*-28. Suppose -20 - c = -5*i. Calculate n(i).
-2
Let f = 33 - 38. Let y be (-2 - -2) + -2 + (-10 - f). Let m(d) = 4*d + 4. Give m(y).
-24
Let m(q) = q**2 + 6*q + 4. Let b be (-2 - (1 + 3))/(-2). Suppose 0 = 5*y - b*y, -3*c + 3 = 5*y. Suppose 2*d + 9 = c. Give m(d).
-4
Let k(u) be the third derivative of u**6/120 - 19*u**5/60 + 19*u**4/24 - 3*u**3/2 + u**2 - 234. Calculate k(18).
9
Let l(v) be the first derivative of v**3/3 + 9*v**2/2 + 8*v - 18. Let t be (-2 + (-2 - -5))*2. Suppose 0 = t*m - 4*m - 12. Give l(m).
-10
Let m(r) = -r**2 - 5*r - 6. Suppose 4*x + 4*k - 21 = k, 0 = -5*x - k + 18. Suppose -6*v = x*v + 45. Calculate m(v).
-6
Let r(y) = -24*y**3 - y**2 - 2*y - 1. Let o = 738 - 739. What is r(o)?
24
Let j = -6 - -5. Let l(t) = 10*t**3 + 4*t**2 - 3*t - 1. Let c(f) = -19*f**3 - 7*f**2 + 5*f + 2. Let d(m) = 3*c(m) + 5*l(m). Determine d(j).
7
Let o be 4/(-2)*(-5)/(50/(-15)). Let z(g) = -4*g - 1. What is z(o)?
11
Let f(w) = 3*w - 7. Let m(g) = g**2 + 6*g - 16. Let v(b) = 7*f(b) - 3*m(b). Let i be 9/(-6)*2 + 6. What is v(i)?
-19
Let m = 13 + -8. Let v(s) = -9 + m*s - 6*s**2 - 2*s - s + s**3. Let d = 87 - 81. Determine v(d).
3
Let q = -240 + 245. Let g(i) = -i**2 + 5*i + 1. What is g(q)?
1
Let o(b) = -4*b - 22 + b + 11*b - 7*b. Give o(12).
-10
Let l(r) = -r**2 + 4*r + 3. Let y(m) = -3*m + 4*m + 0*m + 0*m - 7. Let q be y(7). Suppose q*v - x = -2*v + 10, -5*v + 3*x = -26. What is l(v)?
3
Let q(l) = -2*l + 11. Let t be q(4). Let g(h) = -4*h**2 + 3*h - 3. Let m(y) = -5*y**2 + 2*y - 3. Let r(a) = t*m(a) - 4*g(a). What is r(7)?
10
Let d = -21 - -31. Let b(q) be the first derivative of -q**3/3 + 11*q**2/2 - 11*q - 67. Give b(d).
-1
Let d(x) = x**2 + 10*x + 27. Let a be d(-7). Let p be (-4)/(-6)*(0 - -3). Let q(u) = -9 - p*u + 2 + 1 + 4*u. What is q(a)?
6
Let h = -8 - -6. Let r(m) be the first derivative of m**2/2 + m + 124. Calculate r(h).
-1
Let g(a) = a - 2. Suppose 17 = 4*d - 15. Suppose -2 = -2*x + d. Suppose 2*q = x*t - 14, 4*t = -q + 24 - 5. Calculate g(q).
1
Let g = -34 - -33. Let d(h) = 14*h. Give d(g).
-14
Let t(h) be the third derivative of h**6/120 + 11*h**5/60 + h**4/2 + 5*h**3/3 - 36*h**2. What is t(-10)?
-10
Let w(k) be the third derivative of 2/3*k**3 + 0*k + 0 + 5*k**2 - 1/12*k**4. Let d = -17 + 21. What is w(d)?
-4
Let n(k) = k**3 + 4*k**2 - 4*k - 1. Let x(a) = -a**3 - a + 5. Let o = 75 - 73. Let b be x(o). Determine n(b).
-6
Suppose -5*p = -10*p. Let a(c) = -3 + p*c + c + 4 + c. What is a(7)?
15
Let p = -23 + 26. Let j(d) = 4*d - p*d - 5 + 3*d + 10. Let o(w) = -w**2 + 6*w - 4. Let g be o(6). Determine j(g).
-11
Let j be 2873/91 - (-3)/7. Let g(h) = 10*h + j*h**2 + 1 + 2*h**3 - 40*h**2 - 3*h**3 + 10. Calculate g(-9).
2
Let m(d) = 3*d**2 + 6*d**2 - 3 + 9*d**2 - 5*d - 20*d**2. Determine m(-2).
-1
Let h(c) be the first derivative of c**2/2 - c - 1. Let i be (-7)/(49/(-3)) + 957/21. Let s = i - 51. Determine h(s).
-6
Let r = -1339 + 1341. Let c(s) be the first derivative of -5*s - 5 + 3/2*s**r. Determine c(4).
7
Let p(g) = g**3 + 4*g**2 - 6*g + 6. Let z(c) = -3*c - 2. Let t be (-30)/(-18) + 2/(-3). Let m be z(t). Give p(m).
11
Let f = -19 - -23. Suppose -4*o = -3*o - f. 